{"id":36624,"date":"2022-09-08T07:49:49","date_gmt":"2022-09-08T07:49:49","guid":{"rendered":"https:\/\/www.dim4.com\/?page_id=36624"},"modified":"2024-02-21T16:10:53","modified_gmt":"2024-02-21T16:10:53","slug":"politique-responsabilite-societale-et-developpement-durable","status":"publish","type":"page","link":"https:\/\/www.dim4.com\/index.php\/politique-responsabilite-societale-et-developpement-durable\/","title":{"rendered":"RSE"},"content":{"rendered":"<p>[vc_row][vc_column][vc_empty_space][vc_column_text]<\/p>\n<h3 style=\"text-align: center;\">RSE<\/h3>\n<p>[\/vc_column_text][\/vc_column][\/vc_row][vc_row][vc_column][vc_empty_space][\/vc_column][\/vc_row][vc_row][vc_column][vc_column_text css=&nbsp;&raquo;.vc_custom_1708531840313{margin-bottom: 20px !important;}&nbsp;&raquo;]Notre ambition RSE contribue \u00e0 notre attractivit\u00e9 aupr\u00e8s de toutes nos parties prenantes, parmi lesquelles figurent avant tout nos clients, nos collaborateurs et nos partenaires. Notre mani\u00e8re de nous int\u00e9grer dans notre environnement, d\u2019accompagner nos salari\u00e9s et de dialoguer avec nos parties prenantes conditionne notre droit \u00e0 op\u00e9rer et repr\u00e9sente un facteur de comp\u00e9titivit\u00e9.[\/vc_column_text][vc_column_text css=&nbsp;&raquo;.vc_custom_1708531844811{margin-bottom: 20px !important;}&nbsp;&raquo;]<strong>DIMENSION 4<\/strong> est engag\u00e9 dans sa d\u00e9marche de <strong>Responsabilit\u00e9 Soci\u00e9tale<\/strong> pour r\u00e9pondre aux enjeux de <strong>d\u00e9veloppement durable<\/strong> de ses activit\u00e9s, pour ses <strong>Clients<\/strong> et avec ses <strong>partenaires<\/strong>.[\/vc_column_text][vc_column_text css=&nbsp;&raquo;.vc_custom_1708527536866{margin-bottom: 20px !important;}&nbsp;&raquo;]<strong>DIMENSION 4<\/strong> d\u00e9ploie une orientation et une <strong>politique proactive de progr\u00e8s continu<\/strong> pour le compte de ses <strong>Clients<\/strong>, en partenariat avec ses <strong>prestataires<\/strong>, par la collaboration avec <strong>ses collaborateurs<\/strong> et avec les <strong>parties prenantes cl\u00e9s<\/strong>, ceci dans notre environnement et compte tenu du contexte.[\/vc_column_text][vc_column_text css=&nbsp;&raquo;.vc_custom_1708527541949{margin-bottom: 20px !important;}&nbsp;&raquo;]Nous avons analys\u00e9 les questions importantes pour nos parties prenantes cl\u00e9s et pour <strong>DIMENSION 4<\/strong>\u00a0; cette \u00e9tude a permis de d\u00e9finir les grands axes de notre orientation RSE.[\/vc_column_text][vc_column_text css=&nbsp;&raquo;.vc_custom_1708527552789{margin-bottom: 20px !important;}&nbsp;&raquo;]Notre gouvernance structure et d\u00e9finit :<\/p>\n<ul>\n<li>les questions relatives aux exigences de nos Clients,<\/li>\n<li>l\u2019\u00e9thique de nos pratiques et notre professionnalisme,<\/li>\n<li>des relations de travail ad\u00e9quates et des am\u00e9liorations pour nos \u00e9quipes,<\/li>\n<li>la conformit\u00e9 r\u00e9glementaire et l\u2019am\u00e9lioration des conditions de travail et en mati\u00e8re d\u2019environnement,<\/li>\n<li>la d\u00e9marche de r\u00e9duction des impacts environnementaux et la protection de l&rsquo;environnement,<\/li>\n<li>notre contribution au d\u00e9veloppement local,<\/li>\n<li>notre respect et la promotion des droits de l&rsquo;Homme,<\/li>\n<li>notre implication aupr\u00e8s de communaut\u00e9s du territoire.<\/li>\n<\/ul>\n<p>[\/vc_column_text][vc_column_text css=&nbsp;&raquo;.vc_custom_1708527560566{margin-bottom: 20px !important;}&nbsp;&raquo;]Nos principaux objectifs visent ainsi \u00e0\u00a0:<\/p>\n<ul>\n<li>Anticiper les risques en mati\u00e8re de qualit\u00e9, sant\u00e9, s\u00e9curit\u00e9, environnement et responsabilit\u00e9 sociale,<\/li>\n<li>Favoriser le d\u00e9veloppement professionnel de nos employ\u00e9s,<\/li>\n<li>Faire appliquer nos r\u00e8gles de conduite \u00e9thiques,<\/li>\n<li>Interagir avec nos parties prenantes cl\u00e9s,<\/li>\n<li>R\u00e9duire notre impact environnemental et renforcer le principe de pr\u00e9vention,<\/li>\n<li>Contribuer \u00e0 la gestion et la valorisation des d\u00e9chets \u00e9quipements \u00e9lectroniques.<\/li>\n<\/ul>\n<p>[\/vc_column_text][vc_column_text css=&nbsp;&raquo;.vc_custom_1708527566809{margin-bottom: 20px !important;}&nbsp;&raquo;]Nos objectifs, nos indicateurs et notre plan d\u2019am\u00e9lioration structurent notre d\u00e9marche de Responsabilit\u00e9 Soci\u00e9tale. P\u00e9riodiquement, <strong>DIMENSION 4<\/strong> analyse cette politique, ses avanc\u00e9es et examine les objectifs et les cibles pour progresser de fa\u00e7on continue pour favoriser son d\u00e9veloppement.[\/vc_column_text][vc_column_text css=&nbsp;&raquo;.vc_custom_1662625088224{margin-bottom: 20px !important;}&nbsp;&raquo;]Tous les <strong>partenaires<\/strong> ou <strong>collaborateurs<\/strong> travaillant pour <strong>DIMENSION 4<\/strong> sont inform\u00e9s, impliqu\u00e9s et concern\u00e9s par la d\u00e9marche.[\/vc_column_text][vc_column_text css=&nbsp;&raquo;.vc_custom_1662625100242{margin-bottom: 20px !important;}&nbsp;&raquo;]Notre souhait est de\u00a0 d\u00e9velopper l\u2019implication de chacun dans des d\u00e9marches proactives et responsables, \u00a0et rendre fier chaque collaborateur d\u2019appartenir \u00e0 Dimension 4 en partageant ses valeurs.[\/vc_column_text][vc_column_text css=&nbsp;&raquo;.vc_custom_1662646397652{margin-bottom: 20px !important;}&nbsp;&raquo;]<\/p>\n<p style=\"text-align: left;\">Date de cr\u00e9ation : 18 octobre 2017<\/p>\n<p>[\/vc_column_text][\/vc_column][\/vc_row][vc_row][vc_column][vc_raw_html css=&nbsp;&raquo;.vc_custom_1708531851233{padding-top: 60px !important;}&nbsp;&raquo;]JTNDZGl2JTIwd2lkdGglM0QlMjIxMDAlMjUlMjIlMjBzdHlsZSUzRCUyMmJvcmRlci10b3AlM0ElMjAxcHglMjBzb2xpZCUyMCUyMzIyMjIyMiUzQiUyMGRpc3BsYXklM0ElMjBmbGV4JTNCJTIwZmxleC13cmFwJTNBJTIwd3JhcCUzQiUyMiUzRSUwQSUzQ2RpdiUyMHdpZHRoJTNEJTIyNTAlMjUlMjIlMjBzdHlsZSUzRCUyMmZsZXglM0ElMjAxJTNCJTIwcGFkZGluZyUzQSUyMDIwcHglMjIlM0UlMEElM0NwJTIwc3R5bGUlM0QlMjJmb250LXNpemUlM0ElMjAxMnB4JTNCJTIwY29sb3IlM0ElMjAlMjNCQkJCQkIlMjIlM0UlM0NiJTNFTk9STUVTJTIwRVQlMjBMQUJFTFMlM0MlMkZiJTNFJTNDJTJGcCUzRSUwQSUzQ3VsJTIwc3R5bGUlM0QlMjJsaXN0LXN0eWxlJTNBJTIwbm9uZSUzQiUyMiUzRSUwQSUzQ2xpJTNFJTNDYSUyMGhyZWYlM0QlMjJodHRwcyUzQSUyRiUyRnd3dy5kaW00LmNvbSUyRmluZGV4LnBocCUyRnBvbGl0aXF1ZS1yZXNwb25zYWJpbGl0ZS1zb2NpZXRhbGUtZXQtZGV2ZWxvcHBlbWVudC1kdXJhYmxlJTJGJTIyJTNFUlNFJTNDJTJGYSUzRSUzQyUyRmxpJTNFJTBBJTNDbGklM0UlM0NhJTIwaHJlZiUzRCUyMmh0dHBzJTNBJTJGJTJGd3d3LmRpbTQuY29tJTJGaW5kZXgucGhwJTJGZGltZW5zaW9uLTQtbWVkYWlsbGUtZC1hcmdlbnQtcGFyLWVjb3ZhZGlzJTJGJTIyJTNFRGltZW5zaW9uJTIwNCUyMG0lQzMlQTlkYWlsbCVDMyVBOSUyMGQlMjdhcmdlbnQlMjBFY29WYWRpcyUzQyUyRmElM0UlM0MlMkZsaSUzRSUwQSUzQyUyRnVsJTNFJTBBJTNDJTJGZGl2JTNFJTBBJTNDZGl2JTIwd2lkdGglM0QlMjI1MCUyNSUyMiUyMHN0eWxlJTNEJTIyZmxleCUzQSUyMDElM0IlMjBwYWRkaW5nJTNBJTIwMjBweCUyMiUzRSUwQSUzQ3AlMjBzdHlsZSUzRCUyMmZvbnQtc2l6ZSUzQSUyMDEycHglM0IlMjBjb2xvciUzQSUyMCUyM0JCQkJCQiUyMiUzRSUzQ2IlM0VDT05ESVRJT05TJTIwRCUyN1VUSUxJU0FUSU9OJTNDJTJGYiUzRSUzQyUyRnAlM0UlMEElM0N1bCUyMHN0eWxlJTNEJTIybGlzdC1zdHlsZSUzQSUyMG5vbmUlM0IlMjAlMjIlM0UlMEElM0NsaSUzRSUzQ2ElMjBocmVmJTNEJTIyaHR0cHMlM0ElMkYlMkZ3d3cuZGltNC5jb20lMkZpbmRleC5waHAlMkZtZW50aW9ucy1sZWdhbGVzJTJGJTIyJTNFTWVudGlvbnMlMjBsJUMzJUE5Z2FsZXMlMjBEaW1lbnNpb24lMjA0JTNDJTJGYSUzRSUzQyUyRmxpJTNFJTBBJTNDbGklM0UlM0NhJTIwaHJlZiUzRCUyMmh0dHBzJTNBJTJGJTJGd3d3LmRpbTQuY29tJTJGaW5kZXgucGhwJTJGZG9ubmVlcy1wZXJzb25uZWxsZXMlMkYlMjIlM0VEb25uJUMzJUE5ZXMlMjBwZXJzb25uZWxsZXMlM0MlMkZhJTNFJTNDJTJGbGklM0UlMEElM0MlMkZ1bCUzRSUwQSUzQyUyRmRpdiUzRSUwQSUzQyUyRmRpdiUzRQ==[\/vc_raw_html][\/vc_column][\/vc_row][vc_row][vc_column][\/vc_column][\/vc_row]<\/p>\n","protected":false},"excerpt":{"rendered":"<p>[vc_row][vc_column][vc_empty_space][vc_column_text] RSE [\/vc_column_text][\/vc_column][\/vc_row][vc_row][vc_column][vc_empty_space][\/vc_column][\/vc_row][vc_row][vc_column][vc_column_text css=&nbsp;&raquo;.vc_custom_1708531840313{margin-bottom: 20px !important;}&nbsp;&raquo;]Notre ambition RSE contribue \u00e0 notre attractivit\u00e9 aupr\u00e8s de toutes nos parties prenantes, parmi lesquelles figurent avant tout nos clients, nos collaborateurs et nos partenaires. Notre mani\u00e8re de nous int\u00e9grer dans notre environnement, d\u2019accompagner nos salari\u00e9s et de dialoguer avec nos parties prenantes conditionne notre droit \u00e0 op\u00e9rer et repr\u00e9sente un facteur de comp\u00e9titivit\u00e9.[\/vc_column_text][vc_column_text css=&nbsp;&raquo;.vc_custom_1708531844811{margin-bottom: 20px !important;}&nbsp;&raquo;]DIMENSION 4 est engag\u00e9 dans sa d\u00e9marche de Responsabilit\u00e9 Soci\u00e9tale pour r\u00e9pondre aux enjeux de d\u00e9veloppement durable de ses activit\u00e9s, pour ses Clients et avec ses partenaires.[\/vc_column_text][vc_column_text css=&nbsp;&raquo;.vc_custom_1708527536866{margin-bottom: 20px !important;}&nbsp;&raquo;]DIMENSION 4 d\u00e9ploie une orientation et une politique proactive de progr\u00e8s continu pour le compte de ses Clients, en partenariat avec ses prestataires, par la collaboration avec ses collaborateurs et avec les parties prenantes cl\u00e9s, ceci dans notre environnement et compte tenu du contexte.[\/vc_column_text][vc_column_text css=&nbsp;&raquo;.vc_custom_1708527541949{margin-bottom: 20px !important;}&nbsp;&raquo;]Nous avons analys\u00e9 les questions importantes pour nos parties prenantes cl\u00e9s et pour DIMENSION&hellip;<\/p>\n<p> <a class=\"more-link\" href=\"https:\/\/www.dim4.com\/index.php\/politique-responsabilite-societale-et-developpement-durable\/\">Lire la suite<\/a><\/p>\n","protected":false},"author":1,"featured_media":0,"parent":0,"menu_order":0,"comment_status":"closed","ping_status":"closed","template":"","meta":[],"_links":{"self":[{"href":"https:\/\/www.dim4.com\/index.php\/wp-json\/wp\/v2\/pages\/36624"}],"collection":[{"href":"https:\/\/www.dim4.com\/index.php\/wp-json\/wp\/v2\/pages"}],"about":[{"href":"https:\/\/www.dim4.com\/index.php\/wp-json\/wp\/v2\/types\/page"}],"author":[{"embeddable":true,"href":"https:\/\/www.dim4.com\/index.php\/wp-json\/wp\/v2\/users\/1"}],"replies":[{"embeddable":true,"href":"https:\/\/www.dim4.com\/index.php\/wp-json\/wp\/v2\/comments?post=36624"}],"version-history":[{"count":21,"href":"https:\/\/www.dim4.com\/index.php\/wp-json\/wp\/v2\/pages\/36624\/revisions"}],"predecessor-version":[{"id":36738,"href":"https:\/\/www.dim4.com\/index.php\/wp-json\/wp\/v2\/pages\/36624\/revisions\/36738"}],"wp:attachment":[{"href":"https:\/\/www.dim4.com\/index.php\/wp-json\/wp\/v2\/media?parent=36624"}],"curies":[{"name":"wp","href":"https:\/\/api.w.org\/{rel}","templated":true}]}}