{"id":36407,"date":"2019-10-07T09:44:48","date_gmt":"2019-10-07T09:44:48","guid":{"rendered":"http:\/\/www.dim4.com\/?page_id=36407"},"modified":"2024-02-21T16:14:15","modified_gmt":"2024-02-21T16:14:15","slug":"mentions-legales","status":"publish","type":"page","link":"https:\/\/www.dim4.com\/index.php\/mentions-legales\/","title":{"rendered":"Mentions l\u00e9gales"},"content":{"rendered":"<p>[vc_row][vc_column][vc_empty_space][\/vc_column][\/vc_row][vc_row][vc_column][vc_empty_space][\/vc_column][\/vc_row][vc_row][vc_column][vc_column_text]<\/p>\n<h3 style=\"text-align: center;\">MENTIONS L\u00c9GALES<\/h3>\n<p>[\/vc_column_text][\/vc_column][\/vc_row][vc_row][vc_column][vc_empty_space][\/vc_column][\/vc_row][vc_row][vc_column][vc_empty_space][\/vc_column][\/vc_row][vc_row][vc_column][vc_column_text]Bienvenue sur dim4.com.<\/p>\n<p>En acc\u00e9dant au site www.dim4.com, vous acceptez les pr\u00e9sentes conditions g\u00e9n\u00e9rales d\u2019utilisation de ce site.<\/p>\n<p>&nbsp;<\/p>\n<ol>\n<li><strong>Propri\u00e9t\u00e9 du site<\/strong><\/li>\n<\/ol>\n<p>Le site dim4.com est la propri\u00e9t\u00e9 de la soci\u00e9t\u00e9 Dimension 4, Soci\u00e9t\u00e9 Anonyme au capital de 152 601,47 euros, immatricul\u00e9e au RCS Versailles B 338 067 531, Siret 338 067 531 00040, dont le si\u00e8ge est situ\u00e9 36 rue de la Falaise \u2013 78126 AULNAY-SUR-MAULDRE, France.<\/p>\n<p>N\u00b0 de TVA intracommunautaire\u00a0: FR93 338067531<\/p>\n<p>Directeur de publication du site dim4.com : M. Nicolas RIOUBLANC, Directeur g\u00e9n\u00e9ral de Dimension 4.<\/p>\n<p><u>Conception :<\/u><\/p>\n<p>Dimension 4<\/p>\n<p>36 rue de la Falaise<\/p>\n<p>78126 AULNAY-SUR-MAULDRE<\/p>\n<p>&nbsp;<\/p>\n<p><u>H\u00e9bergement :<\/u><\/p>\n<p>KALANDA<\/p>\n<p>94 avenue de la Sarriette<\/p>\n<p>ZAC Athelia 2<\/p>\n<p>13600 La Ciotat \u2013 France<\/p>\n<p>&nbsp;<\/p>\n<p>T\u00e9l : +33 (0) 9 50 29 90 10<br \/>\nFax : +33 (0) 4 86 17 21 24<\/p>\n<p>Commercial :\u00a0<a href=\"mailto:%20contact@kalanda.net\">contact@kalanda.net<\/a><br \/>\nSupport :\u00a0<a href=\"mailto:%20support@kalanda.net\">support@kalanda.net<\/a><\/p>\n<p>&nbsp;<\/p>\n<ol start=\"2\">\n<li><strong>Propri\u00e9t\u00e9 intellectuelle<\/strong><\/li>\n<\/ol>\n<p>Tous les textes, commentaires, illustrations et images reproduits sur le site www.dim4.com sont prot\u00e9g\u00e9s par le droit d\u2019auteur et pour le monde entier. A ce titre et conform\u00e9ment aux dispositions du Code de la Propri\u00e9t\u00e9 intellectuelle, seule l\u2019utilisation pour un usage priv\u00e9, r\u00e9duite au cercle de famille, et la reproduction (impression, t\u00e9l\u00e9chargement) pour un usage strictement personnel sont autoris\u00e9s. Toute autre utilisation est constitutive de contrefa\u00e7on et sanctionn\u00e9e par le Code de la Propri\u00e9t\u00e9 intellectuelle.<\/p>\n<p>Les marques et logos figurant sur le site dim4.com sont la propri\u00e9t\u00e9 exclusive de leurs d\u00e9tenteurs. Leur reproduction totale ou partielle est strictement interdite.<\/p>\n<p>&nbsp;<\/p>\n<ol start=\"3\">\n<li><strong>Exclusion de responsabilit\u00e9<\/strong><\/li>\n<\/ol>\n<p>Dimension 4 ne saurait \u00eatre tenu pour responsable des dommages qui pourraient r\u00e9sulter de l\u2019acc\u00e8s ou de l\u2019utilisation du site dim4.com, incluant toutes d\u00e9t\u00e9riorations ou virus qui pourraient infecter votre \u00e9quipement informatique ou tout autre bien. De plus, Dimension 4 ne saurait \u00eatre tenu pour responsable de toutes erreurs ou omissions li\u00e9es aux diff\u00e9rentes mises \u00e0 jour du site.<\/p>\n<p>&nbsp;<\/p>\n<ol start=\"4\">\n<li><strong>Liens vers d\u2019autres sites<\/strong><\/li>\n<\/ol>\n<p>Dimension 4 ne saurait \u00eatre responsable de leurs contenus, de leurs produits, de leurs publicit\u00e9s ou de tout autre \u00e9l\u00e9ment ou service pr\u00e9sent\u00e9 sur ces sites. Nous vous rappelons que ces sites sont soumis \u00e0 leurs propres conditions d\u2019utilisation et politiques de protection de la vie priv\u00e9e. Ces sites ne sauraient engager la responsabilit\u00e9 de Dimension 4 dans le cas o\u00f9 le contenu de ces sites contreviendrait aux dispositions l\u00e9gales et r\u00e9glementaires en vigueur.<\/p>\n<ol start=\"5\">\n<li><strong>Respect des r\u00e9glementations<\/strong><\/li>\n<\/ol>\n<p>Le site dim4.com est mis en place par Dimension 4, dont le si\u00e8ge social est en France. Les internautes, ayant acc\u00e8s au site dim4.com en d\u2019autres endroits que la France, doivent s\u2019assurer du respect des lois localement applicables.<\/p>\n<p>Le site dim4.com n\u2019utilise pas de cookies.<\/p>\n<p>&nbsp;<\/p>\n<ol start=\"6\">\n<li><strong>Acc\u00e8s au site dim4.com<\/strong><\/li>\n<\/ol>\n<p>Dimension 4 se r\u00e9serve le droit, quelle qu\u2019en soit la raison et \u00e0 sa seule discr\u00e9tion, de r\u00e9silier, de modifier, de suspendre ou d\u2019interrompre l\u2019acc\u00e8s \u00e0 tout ou partie du site dim4.com, y compris notamment le contenu, les fonctionnalit\u00e9s ou les heures de disponibilit\u00e9 sans qu\u2019il soit toujours possible d\u2019en informer pr\u00e9alablement les internautes.<\/p>\n<p>&nbsp;<\/p>\n<ol start=\"7\">\n<li><strong>Modification des conditions d\u2019utilisation du site dim4.com<\/strong><\/li>\n<\/ol>\n<p>Dimension 4 se r\u00e9serve le droit de modifier ou, de fa\u00e7on plus g\u00e9n\u00e9rale, d\u2019actualiser les pr\u00e9sentes conditions g\u00e9n\u00e9rales \u00e0 tout moment et sans avis pr\u00e9alable. La date de derni\u00e8re modification de ces Conditions figure en permanence en bas du document.<\/p>\n<p><strong>\u00a0<\/strong><\/p>\n<ol start=\"8\">\n<li><strong>Cr\u00e9dit d\u2019images<\/strong><\/li>\n<\/ol>\n<p>Ic\u00f4nes r\u00e9alis\u00e9es par\u00a0<a href=\"https:\/\/www.flaticon.com\/authors\/freepik\">Freepik<\/a>\u00a0de\u00a0<a href=\"http:\/\/www.flaticon.com\/\">www.flaticon.com<\/a>\u00a0et par\u00a0<a href=\"https:\/\/fontawesome.com\/\">Font Awesome<\/a>\u00a0sur\u00a0<a href=\"https:\/\/fontawesome.com\/\">fontawesome.com<\/a>.<\/p>\n<p><strong>\u00a0<\/strong><\/p>\n<ol start=\"9\">\n<li><strong>Contact<\/strong><\/li>\n<\/ol>\n<p>Dimension 4 est \u00e0 votre disposition pour toute remarque ou suggestion sur le contenu actuel ou \u00e0 venir du site www.dim4.com.<\/p>\n<p>Vous pouvez nous contacter par e-mail \u00e0 l\u2019adresse suivante : contact@dim4.com.<\/p>\n<p>Dimension 4 \u2013 36 rue de la falaise \u2013 78126 AULNAY-SUR-MAULDRE, France<\/p>\n<p>TEL : +33 1 34 75 80 80 \u2013 FAX : +33 1 34 75 12 40<\/p>\n<p>&nbsp;<\/p>\n<p>Date de derni\u00e8re modification : mardi 18 f\u00e9vrier 2020[\/vc_column_text][\/vc_column][\/vc_row][vc_row][vc_column][vc_raw_html css=&nbsp;&raquo;.vc_custom_1708532053911{padding-top: 60px !important;}&nbsp;&raquo;]JTNDZGl2JTIwd2lkdGglM0QlMjIxMDAlMjUlMjIlMjBzdHlsZSUzRCUyMmJvcmRlci10b3AlM0ElMjAxcHglMjBzb2xpZCUyMCUyMzIyMjIyMiUzQiUyMGRpc3BsYXklM0ElMjBmbGV4JTNCJTIwZmxleC13cmFwJTNBJTIwd3JhcCUzQiUyMiUzRSUwQSUzQ2RpdiUyMHdpZHRoJTNEJTIyNTAlMjUlMjIlMjBzdHlsZSUzRCUyMmZsZXglM0ElMjAxJTNCJTIwcGFkZGluZyUzQSUyMDIwcHglMjIlM0UlMEElM0NwJTIwc3R5bGUlM0QlMjJmb250LXNpemUlM0ElMjAxMnB4JTNCJTIwY29sb3IlM0ElMjAlMjNCQkJCQkIlMjIlM0UlM0NiJTNFTk9STUVTJTIwRVQlMjBMQUJFTFMlM0MlMkZiJTNFJTNDJTJGcCUzRSUwQSUzQ3VsJTIwc3R5bGUlM0QlMjJsaXN0LXN0eWxlJTNBJTIwbm9uZSUzQiUyMiUzRSUwQSUzQ2xpJTNFJTNDYSUyMGhyZWYlM0QlMjJodHRwcyUzQSUyRiUyRnd3dy5kaW00LmNvbSUyRmluZGV4LnBocCUyRnBvbGl0aXF1ZS1yZXNwb25zYWJpbGl0ZS1zb2NpZXRhbGUtZXQtZGV2ZWxvcHBlbWVudC1kdXJhYmxlJTJGJTIyJTNFUlNFJTNDJTJGYSUzRSUzQyUyRmxpJTNFJTBBJTNDbGklM0UlM0NhJTIwaHJlZiUzRCUyMmh0dHBzJTNBJTJGJTJGd3d3LmRpbTQuY29tJTJGaW5kZXgucGhwJTJGZGltZW5zaW9uLTQtbWVkYWlsbGUtZC1hcmdlbnQtcGFyLWVjb3ZhZGlzJTJGJTIyJTNFRGltZW5zaW9uJTIwNCUyMG0lQzMlQTlkYWlsbCVDMyVBOSUyMGQlMjdhcmdlbnQlMjBFY29WYWRpcyUzQyUyRmElM0UlM0MlMkZsaSUzRSUwQSUzQyUyRnVsJTNFJTBBJTNDJTJGZGl2JTNFJTBBJTNDZGl2JTIwd2lkdGglM0QlMjI1MCUyNSUyMiUyMHN0eWxlJTNEJTIyZmxleCUzQSUyMDElM0IlMjBwYWRkaW5nJTNBJTIwMjBweCUyMiUzRSUwQSUzQ3AlMjBzdHlsZSUzRCUyMmZvbnQtc2l6ZSUzQSUyMDEycHglM0IlMjBjb2xvciUzQSUyMCUyM0JCQkJCQiUyMiUzRSUzQ2IlM0VDT05ESVRJT05TJTIwRCUyN1VUSUxJU0FUSU9OJTNDJTJGYiUzRSUzQyUyRnAlM0UlMEElM0N1bCUyMHN0eWxlJTNEJTIybGlzdC1zdHlsZSUzQSUyMG5vbmUlM0IlMjAlMjIlM0UlMEElM0NsaSUzRSUzQ2ElMjBocmVmJTNEJTIyaHR0cHMlM0ElMkYlMkZ3d3cuZGltNC5jb20lMkZpbmRleC5waHAlMkZtZW50aW9ucy1sZWdhbGVzJTJGJTIyJTNFTWVudGlvbnMlMjBsJUMzJUE5Z2FsZXMlMjBEaW1lbnNpb24lMjA0JTNDJTJGYSUzRSUzQyUyRmxpJTNFJTBBJTNDbGklM0UlM0NhJTIwaHJlZiUzRCUyMmh0dHBzJTNBJTJGJTJGd3d3LmRpbTQuY29tJTJGaW5kZXgucGhwJTJGZG9ubmVlcy1wZXJzb25uZWxsZXMlMkYlMjIlM0VEb25uJUMzJUE5ZXMlMjBwZXJzb25uZWxsZXMlM0MlMkZhJTNFJTNDJTJGbGklM0UlMEElM0MlMkZ1bCUzRSUwQSUzQyUyRmRpdiUzRSUwQSUzQyUyRmRpdiUzRQ==[\/vc_raw_html][\/vc_column][\/vc_row]<\/p>\n","protected":false},"excerpt":{"rendered":"<p>[vc_row][vc_column][vc_empty_space][\/vc_column][\/vc_row][vc_row][vc_column][vc_empty_space][\/vc_column][\/vc_row][vc_row][vc_column][vc_column_text] MENTIONS L\u00c9GALES [\/vc_column_text][\/vc_column][\/vc_row][vc_row][vc_column][vc_empty_space][\/vc_column][\/vc_row][vc_row][vc_column][vc_empty_space][\/vc_column][\/vc_row][vc_row][vc_column][vc_column_text]Bienvenue sur dim4.com. En acc\u00e9dant au site www.dim4.com, vous acceptez les pr\u00e9sentes conditions g\u00e9n\u00e9rales d\u2019utilisation de ce site. &nbsp; Propri\u00e9t\u00e9 du site Le site dim4.com est la propri\u00e9t\u00e9 de la soci\u00e9t\u00e9 Dimension 4, Soci\u00e9t\u00e9 Anonyme au capital de 152 601,47 euros, immatricul\u00e9e au RCS Versailles B 338 067 531, Siret 338 067 531 00040, dont le si\u00e8ge est situ\u00e9 36 rue de la Falaise \u2013 78126 AULNAY-SUR-MAULDRE, France. N\u00b0 de TVA intracommunautaire\u00a0: FR93 338067531 Directeur de publication du site dim4.com : M. Nicolas RIOUBLANC, Directeur g\u00e9n\u00e9ral de Dimension 4. Conception : Dimension 4 36 rue de la Falaise 78126 AULNAY-SUR-MAULDRE &nbsp; H\u00e9bergement : KALANDA 94 avenue de la Sarriette ZAC Athelia 2 13600 La Ciotat \u2013 France &nbsp; T\u00e9l : +33 (0) 9 50 29 90 10 Fax : +33 (0) 4 86 17 21 24 Commercial :\u00a0contact@kalanda.net Support :\u00a0support@kalanda.net &nbsp; Propri\u00e9t\u00e9 intellectuelle Tous les textes, commentaires,&hellip;<\/p>\n<p> <a class=\"more-link\" href=\"https:\/\/www.dim4.com\/index.php\/mentions-legales\/\">Lire la suite<\/a><\/p>\n","protected":false},"author":1,"featured_media":0,"parent":0,"menu_order":0,"comment_status":"closed","ping_status":"closed","template":"","meta":[],"_links":{"self":[{"href":"https:\/\/www.dim4.com\/index.php\/wp-json\/wp\/v2\/pages\/36407"}],"collection":[{"href":"https:\/\/www.dim4.com\/index.php\/wp-json\/wp\/v2\/pages"}],"about":[{"href":"https:\/\/www.dim4.com\/index.php\/wp-json\/wp\/v2\/types\/page"}],"author":[{"embeddable":true,"href":"https:\/\/www.dim4.com\/index.php\/wp-json\/wp\/v2\/users\/1"}],"replies":[{"embeddable":true,"href":"https:\/\/www.dim4.com\/index.php\/wp-json\/wp\/v2\/comments?post=36407"}],"version-history":[{"count":15,"href":"https:\/\/www.dim4.com\/index.php\/wp-json\/wp\/v2\/pages\/36407\/revisions"}],"predecessor-version":[{"id":36740,"href":"https:\/\/www.dim4.com\/index.php\/wp-json\/wp\/v2\/pages\/36407\/revisions\/36740"}],"wp:attachment":[{"href":"https:\/\/www.dim4.com\/index.php\/wp-json\/wp\/v2\/media?parent=36407"}],"curies":[{"name":"wp","href":"https:\/\/api.w.org\/{rel}","templated":true}]}}